{"id":6911,"date":"2025-11-01T10:13:41","date_gmt":"2025-11-01T10:13:41","guid":{"rendered":"https:\/\/www.torreabadal.com\/botiga\/regala-torre-abadal\/"},"modified":"2025-11-16T13:37:13","modified_gmt":"2025-11-16T13:37:13","slug":"regala-torre-abadal","status":"publish","type":"product","link":"https:\/\/www.torreabadal.com\/es\/botiga\/regala-torre-abadal\/","title":{"rendered":"Regala Torre Abadal"},"content":{"rendered":"","protected":false},"excerpt":{"rendered":"<p>\u00a1Regala una experiencia \u00fanica! Una visita guiada + verm\u00fa musical en un espacio modernista perfectamente conservado. Ind\u00edquenos al realizar la compra los datos de la persona o personas que recibir\u00e1n el regalo. Una vez hecha la compra recibir\u00e1 la confirmaci\u00f3n por correo electr\u00f3nico. Posteriormente, enviaremos la tarjeta regalo personalizada por correo postal a la direcci\u00f3n indicada o por email en versi\u00f3n pdf para imprimir (para que llegue a tiempo si las fechas son ajustadas). La persona que reciba el regalo deber\u00e1 ponerse en contacto con nosotros y realizar la reserva en la fecha que elija del calendario de visitas 2026.<\/p>\n<p>* La Visita incluye: Visita guiada de 1h aprox. en los interiores y exteriores de la casa terminando con un Vermut musical en los jardines.<\/p>\n<p>La tarjeta tiene una validez de un a\u00f1o. No se admiten cambios ni devoluciones.<\/p>\n<p>Precio 25\u20ac\/persona.<\/p>\n","protected":false},"featured_media":6912,"template":"","meta":{"_joinchat":[]},"product_cat":[117],"product_tag":[],"yoast_head":"<!-- This site is optimized with the Yoast SEO plugin v22.9 - https:\/\/yoast.com\/wordpress\/plugins\/seo\/ -->\n<title>Regala Torre Abadal \u00b7 Visites en Exclusiva<\/title>\n<meta name=\"description\" content=\"Regala una experi\u00e8ncia \u00fanica, una vista guiada en exclusiva en un espai modernista perfectament conservat. Regala Torre Abadal.\" \/>\n<meta name=\"robots\" content=\"index, follow, max-snippet:-1, max-image-preview:large, max-video-preview:-1\" \/>\n<link rel=\"canonical\" href=\"https:\/\/www.torreabadal.com\/es\/botiga\/regala-torre-abadal\/\" \/>\n<meta property=\"og:locale\" content=\"es_ES\" \/>\n<meta property=\"og:type\" content=\"article\" \/>\n<meta property=\"og:title\" content=\"Regala Torre Abadal \u00b7 Visites en Exclusiva\" \/>\n<meta property=\"og:description\" content=\"Regala una experi\u00e8ncia \u00fanica, una vista guiada en exclusiva en un espai modernista perfectament conservat. Regala Torre Abadal.\" \/>\n<meta property=\"og:url\" content=\"https:\/\/www.torreabadal.com\/es\/botiga\/regala-torre-abadal\/\" \/>\n<meta property=\"og:site_name\" content=\"Torre Modernista Abadal\" \/>\n<meta property=\"article:publisher\" content=\"https:\/\/www.facebook.com\/torre.abadal\/\" \/>\n<meta property=\"article:modified_time\" content=\"2025-11-16T13:37:13+00:00\" \/>\n<meta property=\"og:image\" content=\"https:\/\/www.torreabadal.com\/wp-content\/uploads\/2022\/12\/torreabadal-regala.jpg\" \/>\n\t<meta property=\"og:image:width\" content=\"800\" \/>\n\t<meta property=\"og:image:height\" content=\"978\" \/>\n\t<meta property=\"og:image:type\" content=\"image\/jpeg\" \/>\n<meta name=\"twitter:card\" content=\"summary_large_image\" \/>\n<meta name=\"twitter:label1\" content=\"Tiempo de lectura\" \/>\n\t<meta name=\"twitter:data1\" content=\"1 minuto\" \/>\n<script type=\"application\/ld+json\" class=\"yoast-schema-graph\">{\"@context\":\"https:\/\/schema.org\",\"@graph\":[{\"@type\":\"WebPage\",\"@id\":\"https:\/\/www.torreabadal.com\/es\/botiga\/regala-torre-abadal\/\",\"url\":\"https:\/\/www.torreabadal.com\/es\/botiga\/regala-torre-abadal\/\",\"name\":\"Regala Torre Abadal \u00b7 Visites en Exclusiva\",\"isPartOf\":{\"@id\":\"https:\/\/www.torreabadal.com\/#website\"},\"primaryImageOfPage\":{\"@id\":\"https:\/\/www.torreabadal.com\/es\/botiga\/regala-torre-abadal\/#primaryimage\"},\"image\":{\"@id\":\"https:\/\/www.torreabadal.com\/es\/botiga\/regala-torre-abadal\/#primaryimage\"},\"thumbnailUrl\":\"https:\/\/www.torreabadal.com\/wp-content\/uploads\/2022\/12\/torreabadal-regala.jpg\",\"datePublished\":\"2025-11-01T10:13:41+00:00\",\"dateModified\":\"2025-11-16T13:37:13+00:00\",\"description\":\"Regala una experi\u00e8ncia \u00fanica, una vista guiada en exclusiva en un espai modernista perfectament conservat. Regala Torre Abadal.\",\"breadcrumb\":{\"@id\":\"https:\/\/www.torreabadal.com\/es\/botiga\/regala-torre-abadal\/#breadcrumb\"},\"inLanguage\":\"es\",\"potentialAction\":[{\"@type\":\"ReadAction\",\"target\":[\"https:\/\/www.torreabadal.com\/es\/botiga\/regala-torre-abadal\/\"]}]},{\"@type\":\"ImageObject\",\"inLanguage\":\"es\",\"@id\":\"https:\/\/www.torreabadal.com\/es\/botiga\/regala-torre-abadal\/#primaryimage\",\"url\":\"https:\/\/www.torreabadal.com\/wp-content\/uploads\/2022\/12\/torreabadal-regala.jpg\",\"contentUrl\":\"https:\/\/www.torreabadal.com\/wp-content\/uploads\/2022\/12\/torreabadal-regala.jpg\",\"width\":800,\"height\":978,\"caption\":\"Regala Torre Abadal\"},{\"@type\":\"BreadcrumbList\",\"@id\":\"https:\/\/www.torreabadal.com\/es\/botiga\/regala-torre-abadal\/#breadcrumb\",\"itemListElement\":[{\"@type\":\"ListItem\",\"position\":1,\"name\":\"Inici\",\"item\":\"https:\/\/www.torreabadal.com\/es\/\"},{\"@type\":\"ListItem\",\"position\":2,\"name\":\"Tienda\",\"item\":\"https:\/\/www.torreabadal.com\/es\/tienda\/\"},{\"@type\":\"ListItem\",\"position\":3,\"name\":\"Regala Torre Abadal\"}]},{\"@type\":\"WebSite\",\"@id\":\"https:\/\/www.torreabadal.com\/#website\",\"url\":\"https:\/\/www.torreabadal.com\/\",\"name\":\"Torre Modernista Abadal\",\"description\":\"Una aut\u00e8ntica casa modernista del segle XX. Hist\u00f2ria, disseny i privacitat.\",\"publisher\":{\"@id\":\"https:\/\/www.torreabadal.com\/#organization\"},\"potentialAction\":[{\"@type\":\"SearchAction\",\"target\":{\"@type\":\"EntryPoint\",\"urlTemplate\":\"https:\/\/www.torreabadal.com\/?s={search_term_string}\"},\"query-input\":\"required name=search_term_string\"}],\"inLanguage\":\"es\"},{\"@type\":\"Organization\",\"@id\":\"https:\/\/www.torreabadal.com\/#organization\",\"name\":\"Torre Modernista Abadal\",\"url\":\"https:\/\/www.torreabadal.com\/\",\"logo\":{\"@type\":\"ImageObject\",\"inLanguage\":\"es\",\"@id\":\"https:\/\/www.torreabadal.com\/#\/schema\/logo\/image\/\",\"url\":\"https:\/\/www.torreabadal.com\/wp-content\/uploads\/2022\/09\/cropped-abadal-01-1.png\",\"contentUrl\":\"https:\/\/www.torreabadal.com\/wp-content\/uploads\/2022\/09\/cropped-abadal-01-1.png\",\"width\":1995,\"height\":1628,\"caption\":\"Torre Modernista Abadal\"},\"image\":{\"@id\":\"https:\/\/www.torreabadal.com\/#\/schema\/logo\/image\/\"},\"sameAs\":[\"https:\/\/www.facebook.com\/torre.abadal\/\",\"https:\/\/www.instagram.com\/torre.abadal\/\"]}]}<\/script>\n<!-- \/ Yoast SEO plugin. -->","yoast_head_json":{"title":"Regala Torre Abadal \u00b7 Visites en Exclusiva","description":"Regala una experi\u00e8ncia \u00fanica, una vista guiada en exclusiva en un espai modernista perfectament conservat. Regala Torre Abadal.","robots":{"index":"index","follow":"follow","max-snippet":"max-snippet:-1","max-image-preview":"max-image-preview:large","max-video-preview":"max-video-preview:-1"},"canonical":"https:\/\/www.torreabadal.com\/es\/botiga\/regala-torre-abadal\/","og_locale":"es_ES","og_type":"article","og_title":"Regala Torre Abadal \u00b7 Visites en Exclusiva","og_description":"Regala una experi\u00e8ncia \u00fanica, una vista guiada en exclusiva en un espai modernista perfectament conservat. Regala Torre Abadal.","og_url":"https:\/\/www.torreabadal.com\/es\/botiga\/regala-torre-abadal\/","og_site_name":"Torre Modernista Abadal","article_publisher":"https:\/\/www.facebook.com\/torre.abadal\/","article_modified_time":"2025-11-16T13:37:13+00:00","og_image":[{"width":800,"height":978,"url":"https:\/\/www.torreabadal.com\/wp-content\/uploads\/2022\/12\/torreabadal-regala.jpg","type":"image\/jpeg"}],"twitter_card":"summary_large_image","twitter_misc":{"Tiempo de lectura":"1 minuto"},"schema":{"@context":"https:\/\/schema.org","@graph":[{"@type":"WebPage","@id":"https:\/\/www.torreabadal.com\/es\/botiga\/regala-torre-abadal\/","url":"https:\/\/www.torreabadal.com\/es\/botiga\/regala-torre-abadal\/","name":"Regala Torre Abadal \u00b7 Visites en Exclusiva","isPartOf":{"@id":"https:\/\/www.torreabadal.com\/#website"},"primaryImageOfPage":{"@id":"https:\/\/www.torreabadal.com\/es\/botiga\/regala-torre-abadal\/#primaryimage"},"image":{"@id":"https:\/\/www.torreabadal.com\/es\/botiga\/regala-torre-abadal\/#primaryimage"},"thumbnailUrl":"https:\/\/www.torreabadal.com\/wp-content\/uploads\/2022\/12\/torreabadal-regala.jpg","datePublished":"2025-11-01T10:13:41+00:00","dateModified":"2025-11-16T13:37:13+00:00","description":"Regala una experi\u00e8ncia \u00fanica, una vista guiada en exclusiva en un espai modernista perfectament conservat. Regala Torre Abadal.","breadcrumb":{"@id":"https:\/\/www.torreabadal.com\/es\/botiga\/regala-torre-abadal\/#breadcrumb"},"inLanguage":"es","potentialAction":[{"@type":"ReadAction","target":["https:\/\/www.torreabadal.com\/es\/botiga\/regala-torre-abadal\/"]}]},{"@type":"ImageObject","inLanguage":"es","@id":"https:\/\/www.torreabadal.com\/es\/botiga\/regala-torre-abadal\/#primaryimage","url":"https:\/\/www.torreabadal.com\/wp-content\/uploads\/2022\/12\/torreabadal-regala.jpg","contentUrl":"https:\/\/www.torreabadal.com\/wp-content\/uploads\/2022\/12\/torreabadal-regala.jpg","width":800,"height":978,"caption":"Regala Torre Abadal"},{"@type":"BreadcrumbList","@id":"https:\/\/www.torreabadal.com\/es\/botiga\/regala-torre-abadal\/#breadcrumb","itemListElement":[{"@type":"ListItem","position":1,"name":"Inici","item":"https:\/\/www.torreabadal.com\/es\/"},{"@type":"ListItem","position":2,"name":"Tienda","item":"https:\/\/www.torreabadal.com\/es\/tienda\/"},{"@type":"ListItem","position":3,"name":"Regala Torre Abadal"}]},{"@type":"WebSite","@id":"https:\/\/www.torreabadal.com\/#website","url":"https:\/\/www.torreabadal.com\/","name":"Torre Modernista Abadal","description":"Una aut\u00e8ntica casa modernista del segle XX. Hist\u00f2ria, disseny i privacitat.","publisher":{"@id":"https:\/\/www.torreabadal.com\/#organization"},"potentialAction":[{"@type":"SearchAction","target":{"@type":"EntryPoint","urlTemplate":"https:\/\/www.torreabadal.com\/?s={search_term_string}"},"query-input":"required name=search_term_string"}],"inLanguage":"es"},{"@type":"Organization","@id":"https:\/\/www.torreabadal.com\/#organization","name":"Torre Modernista Abadal","url":"https:\/\/www.torreabadal.com\/","logo":{"@type":"ImageObject","inLanguage":"es","@id":"https:\/\/www.torreabadal.com\/#\/schema\/logo\/image\/","url":"https:\/\/www.torreabadal.com\/wp-content\/uploads\/2022\/09\/cropped-abadal-01-1.png","contentUrl":"https:\/\/www.torreabadal.com\/wp-content\/uploads\/2022\/09\/cropped-abadal-01-1.png","width":1995,"height":1628,"caption":"Torre Modernista Abadal"},"image":{"@id":"https:\/\/www.torreabadal.com\/#\/schema\/logo\/image\/"},"sameAs":["https:\/\/www.facebook.com\/torre.abadal\/","https:\/\/www.instagram.com\/torre.abadal\/"]}]}},"_links":{"self":[{"href":"https:\/\/www.torreabadal.com\/es\/wp-json\/wp\/v2\/product\/6911"}],"collection":[{"href":"https:\/\/www.torreabadal.com\/es\/wp-json\/wp\/v2\/product"}],"about":[{"href":"https:\/\/www.torreabadal.com\/es\/wp-json\/wp\/v2\/types\/product"}],"wp:featuredmedia":[{"embeddable":true,"href":"https:\/\/www.torreabadal.com\/es\/wp-json\/wp\/v2\/media\/6912"}],"wp:attachment":[{"href":"https:\/\/www.torreabadal.com\/es\/wp-json\/wp\/v2\/media?parent=6911"}],"wp:term":[{"taxonomy":"product_cat","embeddable":true,"href":"https:\/\/www.torreabadal.com\/es\/wp-json\/wp\/v2\/product_cat?post=6911"},{"taxonomy":"product_tag","embeddable":true,"href":"https:\/\/www.torreabadal.com\/es\/wp-json\/wp\/v2\/product_tag?post=6911"}],"curies":[{"name":"wp","href":"https:\/\/api.w.org\/{rel}","templated":true}]}}

<p>¡Regala una experiencia única! Una visita guiada + vermú musical en un espacio modernista perfectamente conservado. Indíquenos al realizar la compra los datos de la persona o personas que recibirán el regalo. Una vez hecha la compra recibirá la confirmación por correo electrónico. Posteriormente, enviaremos la tarjeta regalo personalizada por correo postal a la dirección indicada o por email en versión pdf para imprimir (para que llegue a tiempo si las fechas son ajustadas). La persona que reciba el regalo deberá ponerse en contacto con nosotros y realizar la reserva en la fecha que elija del calendario de visitas 2026.</p>
<p>* La Visita incluye: Visita guiada de 1h aprox. en los interiores y exteriores de la casa terminando con un Vermut musical en los jardines.</p>
<p>La tarjeta tiene una validez de un año. No se admiten cambios ni devoluciones.</p>
<p>Precio 25€/persona.</p>

<!-- This site is optimized with the Yoast SEO plugin v22.9 - https://yoast.com/wordpress/plugins/seo/ -->
<title>Regala Torre Abadal · Visites en Exclusiva</title>
<meta name="description" content="Regala una experiència única, una vista guiada en exclusiva en un espai modernista perfectament conservat. Regala Torre Abadal." />
<meta name="robots" content="index, follow, max-snippet:-1, max-image-preview:large, max-video-preview:-1" />
<link rel="canonical" href="https://www.torreabadal.com/es/botiga/regala-torre-abadal/" />
<meta property="og:locale" content="es_ES" />
<meta property="og:type" content="article" />
<meta property="og:title" content="Regala Torre Abadal · Visites en Exclusiva" />
<meta property="og:description" content="Regala una experiència única, una vista guiada en exclusiva en un espai modernista perfectament conservat. Regala Torre Abadal." />
<meta property="og:url" content="https://www.torreabadal.com/es/botiga/regala-torre-abadal/" />
<meta property="og:site_name" content="Torre Modernista Abadal" />
<meta property="article:publisher" content="https://www.facebook.com/torre.abadal/" />
<meta property="article:modified_time" content="2025-11-16T13:37:13+00:00" />
<meta property="og:image" content="https://www.torreabadal.com/wp-content/uploads/2022/12/torreabadal-regala.jpg" />
	<meta property="og:image:width" content="800" />
	<meta property="og:image:height" content="978" />
	<meta property="og:image:type" content="image/jpeg" />
<meta name="twitter:card" content="summary_large_image" />
<meta name="twitter:label1" content="Tiempo de lectura" />
	<meta name="twitter:data1" content="1 minuto" />
<script type="application/ld+json" class="yoast-schema-graph">{"@context":"https://schema.org","@graph":[{"@type":"WebPage","@id":"https://www.torreabadal.com/es/botiga/regala-torre-abadal/","url":"https://www.torreabadal.com/es/botiga/regala-torre-abadal/","name":"Regala Torre Abadal · Visites en Exclusiva","isPartOf":{"@id":"https://www.torreabadal.com/#website"},"primaryImageOfPage":{"@id":"https://www.torreabadal.com/es/botiga/regala-torre-abadal/#primaryimage"},"image":{"@id":"https://www.torreabadal.com/es/botiga/regala-torre-abadal/#primaryimage"},"thumbnailUrl":"https://www.torreabadal.com/wp-content/uploads/2022/12/torreabadal-regala.jpg","datePublished":"2025-11-01T10:13:41+00:00","dateModified":"2025-11-16T13:37:13+00:00","description":"Regala una experiència única, una vista guiada en exclusiva en un espai modernista perfectament conservat. Regala Torre Abadal.","breadcrumb":{"@id":"https://www.torreabadal.com/es/botiga/regala-torre-abadal/#breadcrumb"},"inLanguage":"es","potentialAction":[{"@type":"ReadAction","target":["https://www.torreabadal.com/es/botiga/regala-torre-abadal/"]}]},{"@type":"ImageObject","inLanguage":"es","@id":"https://www.torreabadal.com/es/botiga/regala-torre-abadal/#primaryimage","url":"https://www.torreabadal.com/wp-content/uploads/2022/12/torreabadal-regala.jpg","contentUrl":"https://www.torreabadal.com/wp-content/uploads/2022/12/torreabadal-regala.jpg","width":800,"height":978,"caption":"Regala Torre Abadal"},{"@type":"BreadcrumbList","@id":"https://www.torreabadal.com/es/botiga/regala-torre-abadal/#breadcrumb","itemListElement":[{"@type":"ListItem","position":1,"name":"Inici","item":"https://www.torreabadal.com/es/"},{"@type":"ListItem","position":2,"name":"Tienda","item":"https://www.torreabadal.com/es/tienda/"},{"@type":"ListItem","position":3,"name":"Regala Torre Abadal"}]},{"@type":"WebSite","@id":"https://www.torreabadal.com/#website","url":"https://www.torreabadal.com/","name":"Torre Modernista Abadal","description":"Una autèntica casa modernista del segle XX. Història, disseny i privacitat.","publisher":{"@id":"https://www.torreabadal.com/#organization"},"potentialAction":[{"@type":"SearchAction","target":{"@type":"EntryPoint","urlTemplate":"https://www.torreabadal.com/?s={search_term_string}"},"query-input":"required name=search_term_string"}],"inLanguage":"es"},{"@type":"Organization","@id":"https://www.torreabadal.com/#organization","name":"Torre Modernista Abadal","url":"https://www.torreabadal.com/","logo":{"@type":"ImageObject","inLanguage":"es","@id":"https://www.torreabadal.com/#/schema/logo/image/","url":"https://www.torreabadal.com/wp-content/uploads/2022/09/cropped-abadal-01-1.png","contentUrl":"https://www.torreabadal.com/wp-content/uploads/2022/09/cropped-abadal-01-1.png","width":1995,"height":1628,"caption":"Torre Modernista Abadal"},"image":{"@id":"https://www.torreabadal.com/#/schema/logo/image/"},"sameAs":["https://www.facebook.com/torre.abadal/","https://www.instagram.com/torre.abadal/"]}]}</script>
<!-- / Yoast SEO plugin. -->

Regala una experiència única, una vista guiada en exclusiva en un espai modernista perfectament conservat. Regala Torre Abadal.

Una autèntica casa modernista del segle XX. Història, disseny i privacitat.
